 - k**2 - 2*k - 1. Let u be g(3). Let j = 21 - 19. Suppose 2*t - 2*p + p = 36, 4*p - 26 = -j*t. What is the greatest common divisor of t and u?
17
Let w = -94 + 118. Let a = 106 - -86. What is the highest common factor of a and w?
24
Suppose 10 = 2*s - 14. Calculate the greatest common factor of 96 and s.
12
Suppose 399 = 4*s + 3*h, 3*s + 5*h - 500 = -2*s. Let j = -6 - -6. Suppose 2*y - 3 - 19 = j. Calculate the greatest common divisor of y and s.
11
Suppose 0 = u - 0*u - 4*h - 28, 0 = u + 2*h - 52. What is the greatest common divisor of u and 66?
22
Let q = -36 + 38. What is the highest common divisor of 14 and q?
2
Let a(u) be the second derivative of u**3/3 + 6*u**2 + 3*u. Let z be a(-9). Let o be -2 + 3/z*-6. What is the greatest common factor of 1 and o?
1
Suppose -3*k + 1 = -5. Calculate the highest common factor of 22 and k.
2
Suppose -4*c = 203 - 747. Let h be ((-12)/2)/((-6)/68). Suppose 2*b + 2*b = h. Calculate the highest common factor of c and b.
17
Let u = -13 + 18. Suppose 4*s + u*l = 49, -2*s + 3*l + 7 = 2*l. Let r = s + 2. What is the greatest common factor of r and 88?
8
Suppose 5*o + 1785 = 5*a, 2*o = 5*a + 7*o - 1735. Suppose 0 = 5*l - 5*y - 600, 3*l - a = -3*y - 2*y. Calculate the highest common factor of l and 17.
17
Suppose -5*b + 346 = 2*i, 6*b - 3*b + 5*i = 200. Let t = 4 + -2. Suppose t = 4*p - 38. What is the highest common divisor of b and p?
10
Let b be 1/2 - (-131)/2. Suppose 0*t + b = 3*t. Suppose 13*k - 275 = 440. Calculate the greatest common factor of k and t.
11
Suppose -7*n + 8*n - 24 = 0. What is the greatest common factor of 192 and n?
24
Let n be 4/18 + (-395)/(-45). Let r = 38 - -61. Calculate the greatest common divisor of n and r.
9
Let t(k) = 8 + 5 + 0*k - 15 - 2*k. Let r be t(-7). What is the highest common factor of r and 48?
12
Let i = -290 + 430. Calculate the greatest common divisor of i and 20.
20
Suppose 9*q - 7 = 5*q - 5*z, -8 = -q + 5*z. Calculate the highest common divisor of 15 and q.
3
Let m be (-2)/((3 - 2) + 5/(-4)). Calculate the highest common divisor of 48 and m.
8
Let g(l) = -l**2 - 3*l + 7. Let u be g(-5). Let s be ((-13)/3 - u)*3. Let d be (6/4)/((-1)/s). What is the greatest common divisor of d and 36?
6
Suppose 0*l - l = 3*z - 116, 4*l - 3*z = 404. Calculate the greatest common divisor of 13 and l.
13
Suppose 0 = -4*r - 0*r. Suppose -5*n + 452 = 2*k, r = -4*n - 5*k + 338 + 27. Suppose 5*v - 20 = n. What is the greatest common divisor of v and 2?
2
Suppose 0 = -a - 5. Let r be ((-14)/a)/((-21)/(-525)). What is the highest common factor of 14 and r?
14
Suppose -2*t = -2*r - 0*r - 40, 64 = 3*t - 4*r. Suppose 7*m - 2*m - 40 = 0. What is the highest common factor of m and t?
8
Let a(i) = i - 2. Let l be a(12). Calculate the highest common divisor of l and 90.
10
Let z = -5 + 17. Suppose -5*s + 288 = s. Suppose 3*b - 2*b = s. Calculate the greatest common divisor of b and z.
12
Let v = 48 - 27. Calculate the highest common divisor of v and 42.
21
Suppose -4*c = -9 - 19. Let v be c*(-1 + (-17)/(-7)). Let i be (0 - -81*1) + -1. What is the highest common factor of v and i?
10
Suppose -7*i - 50 = -2*i. Let d(w) = -w**3 - 11*w**2 - 12*w - 15. Let h be d(i). Calculate the greatest common factor of h and 55.
5
Suppose 0 = 3*h + 4*i - 191, 0 = 2*h - 9*i + 5*i - 134. Calculate the highest common divisor of 39 and h.
13
Let s be 282/22 + (-6)/(-33). Let k be (1/(-1))/(s/(-52)). What is the greatest common divisor of k and 1?
1
Let m(d) = -d**2 + 4*d + 2. Let v be m(4). Let w(s) = s**2 - s + 2. Let h be w(-4). Calculate the highest common factor of h and v.
2
Let o(z) = -4*z - 39. Let i be o(-13). Let w(s) = 5*s + 4. Let f be w(-6). Let u be f/2*(0 - 1). Calculate the highest common factor of i and u.
13
Suppose 4*l = 5 + 103. Let v = l - 15. Let h = 40 - v. Calculate the greatest common factor of 4 and h.
4
Let u = -10 - -16. What is the greatest common divisor of 9 and u?
3
Suppose 0 = -2*m - 3*o - 5, 3*m - o - 3*o - 18 = 0. What is the greatest common divisor of 2 and m?
2
Let b(w) = -w**3 + 6*w**2 - 4*w + 25. Let a be b(6). Calculate the highest common divisor of 4 and a.
1
Let a be 54/10 + 1 - 12/30. Suppose -l - 1601 = -5*b, -4 = 3*l - 1. Suppose t = a*t - b. What is the greatest common factor of t and 8?
8
Let z = -78 + 99. What is the greatest common divisor of 105 and z?
21
Let n = 2 + 2. Suppose 2*f = -y - 4*y + 26, n*f - 52 = -3*y. Let j(b) = b**2 + 3*b - 5. Let w be j(-6). What is the highest common divisor of f and w?
13
Suppose -5*w - 20 = 15. Let a(z) = z**2 + 7*z - 1. Let j be a(w). Let y be (-1 + j*44)/(-1). What is the highest common factor of 5 and y?
5
Let p be 5/30 - 59/(-6). Calculate the highest common divisor of p and 10.
10
Let h = -50 + 76. What is the highest common factor of h and 65?
13
Suppose u + u = -3*h - 17, 2*h - 5*u + 43 = 0. Let k be h/(-3)*35/15. Calculate the highest common factor of 49 and k.
7
Let g(p) = -112*p**2. Suppose 4 = 4*s - 4*w, 3*w + 2 + 2 = 4*s. Let a be g(s). Let z = a + 189. Calculate the greatest common factor of 11 and z.
11
Suppose 3*c = -c + 576. What is the highest common divisor of c and 16?
16
Let c(d) = -47*d. Let q be c(-2). Suppose -v + 107 = 4*y, 3*y - v - v = q. Suppose 12 = 2*f - 2. Calculate the highest common divisor of y and f.
7
Suppose 7*s - 4*s - 72 = 0. Suppose -6*y = y. Suppose y*m = -5*m + 300. What is the greatest common factor of m and s?
12
Suppose 2*u + 3 = 21. Let t be ((-30)/(-4))/(3/6). Suppose -4*m - m = -t. Calculate the greatest common divisor of u and m.
3
Let s be ((-16)/(-24))/((-1)/(-3)). Let b be (8/(-6))/(4/(-24)). Let v = b + -5. Calculate the greatest common factor of s and v.
1
Let z be ((-1)/2)/(2/(-52)). Let y(a) = -2*a**2 + 17*a + 5. Let u be 142/18 - 2/(-18). Let i be y(u). What is the greatest common factor of z and i?
13
Let u be (-68)/(-16) + 1/(-4). Suppose -2*f + 80 = 4*j - u*f, -2*j = f - 44. Suppose -14 = -5*o + 3*o. What is the highest common factor of o and j?
7
Let j(c) = -c + 3. Let q be j(0). Suppose -q*t + 2*t + 8 = 0. Let s = 2 + t. Calculate the greatest common factor of s and 5.
5
Suppose 0 = -4*n - 4*n + 400. What is the greatest common divisor of n and 20?
10
Let f(b) = b**3 - 2*b**2 + 6*b - 6. Let l be f(3). Suppose 5 = 2*i - 9. Calculate the highest common factor of l and i.
7
Suppose 2*j + 3*w - 6*w = 185, 2*j = -2*w + 160. Suppose -q = 5*l - 9, 0*q + 3*q = 4*l + 122. Calculate the highest common factor of j and q.
17
Suppose 75 - 33 = 2*h. Calculate the highest common factor of h and 7.
7
Let h(y) = 3*y**2 - 21*y + 11. Let i be h(8). Calculate the greatest common divisor of 70 and i.
35
Suppose -5*m - 74 = -4*g, 4*g - m = m + 80. What is the highest common divisor of g and 168?
21
Suppose -3*k = -o + 3*o - 6, -12 = k - 4*o. Suppose -4*d - 4 + 36 = k. What is the greatest common divisor of d and 56?
8
Suppose 3*a + 18 = 3*k, -3*k = a + 2*a - 30. Let c be (-81)/(-12) + 2/k. What is the highest common factor of c and 21?
7
Let p be (8/6)/((-2)/6). Let h(t) = -t - 1. Let z be h(p). Calculate the greatest common divisor of 33 and z.
3
Let v(z) = z**3 - 4*z**2 + z - 4. Let d be v(4). Suppose -r + 20 - 120 = -2*y, d = -y - 3*r + 50. Calculate the greatest common factor of y and 10.
10
Suppose -m = 0, -u - 4*u - 4*m = 100. Let z = u + 32. Calculate the greatest common divisor of z and 108.
12
Let p be (56/(-7))/((-3)/((-3)/(-2))). Calculate the greatest common divisor of 12 and p.
4
Suppose -y = -6*y + 345. Let w = -70 + 153. Suppose w + 9 = 2*b. Calculate the highest common divisor of b and y.
23
Let g = 68 - 35. Calculate the highest common divisor of g and 22.
11
Let j be 11 + -1 - (-13)/13. Calculate the highest common factor of 55 and j.
11
Let a(x) be the second derivative of 5*x**4/12 + x**3/2 - 5*x**2/2 + 3*x. Let l be a(-4). What is the highest common divisor of 7 and l?
7
Let o(m) = -200*m**3 + m. Let p be o(-1). Suppose -4*u + 43 = -3*t + p, -4*t - 3*u + 208 = 0. Calculate the highest common divisor of t and 13.
13
Suppose 0 = -4*i - g + 134, -4*i + 5*i - 4*g - 25 = 0. Calculate the highest common factor of 6 and i.
3
Let a(p) = -2*p + 6. Let n be (-8 - 1)/(24/16). Let v be a(n). Let y = v + 7. What is the highest common divisor of y and 25?
25
Let n be 34/10 - (-2)/(-5